{"id":44620,"date":"2021-02-06T13:37:05","date_gmt":"2021-02-06T12:37:05","guid":{"rendered":"https:\/\/www.havohravo.com\/?post_type=product&#038;p=44620"},"modified":"2022-07-29T17:13:20","modified_gmt":"2022-07-29T15:13:20","slug":"bjez-haarband-25-mm-stroke-green","status":"publish","type":"product","link":"https:\/\/www.havohravo.com\/de\/produkt\/bjez-haarband-25-mm-stroke-green\/","title":{"rendered":"Bjez Haarband 25 mm Stroke Green"},"content":{"rendered":"<div class=\"wpb-content-wrapper\"><p>[vc_row][vc_column][vc_empty_space][\/vc_column][\/vc_row][vc_row][vc_column width=&#8220;2\/3&#8243; offset=&#8220;vc_col-sm-offset-2 vc_col-xs-12&#8243;][vc_column_text]<\/p>\n<h3>Bjez Haarband 25 mm<\/h3>\n<div class=\"wpb_text_column wpb_content_element \">\n<div class=\"wpb_wrapper\">\n<p>Dieses Haarband hat eine Universalgr\u00f6\u00dfe f\u00fcr Erwachsene und Kinder ab Alter von 4 Jahren.<\/p>\n<p>Das Haarband is urspr\u00fcnglich f\u00fcrs Haare entworfen. Platzieren sie es knapp oberhalb des Haaransatzes und den elastischen Teil unter die Haare hinten am Kopf.<\/p>\n<p>Haarband sollte nicht zu fest anliegen. Vielleicht haben sie Angst, dass es verruscht und tuen es deswegen fester zu. Das ist aber nicht richtig. Haarband sollte am Kopf locker anliegen, so, da\u00df sie es kaum merken. Verwendetes Material gew\u00e4hrleistet, da\u00df es gut h\u00e4lt, auch wenn es nicht ganz fest zugebunden ist. Oft reicht es, das Haarband nur hinten unter den Haaren zu richten, sonst sollte es beim Tragen kaum bemerkbar sein.<\/p>\n<p>Falls das Haarband nicht bequem anliegt, es passt nicht am Kopf oder der hintere Teil (Elastikband) verrutscht \u2013 sie tragen es wahrscheinlich nicht richtig (= es ist zu fest, etc.)<\/p>\n<\/div>\n<\/div>\n<p>[\/vc_column_text][vc_empty_space height=&#8220;32&#8243;][\/vc_column][\/vc_row]<\/p>\n<\/div>","protected":false},"excerpt":{"rendered":"<p>Ein Haarband, das nicht verrutscht!<\/p>\n","protected":false},"featured_media":44567,"template":"","meta":[],"pwb-brand":[366],"product_cat":[888],"product_tag":[],"class_list":{"0":"post-44620","1":"product","2":"type-product","3":"status-publish","4":"has-post-thumbnail","6":"pwb-brand-bjez-de","7":"product_cat-haarbander-bekleidung","9":"first","10":"instock","11":"taxable","12":"shipping-taxable","13":"purchasable","14":"product-type-simple"},"brands":[{"id":366,"name":"Bjez","slug":"bjez-de"}],"_links":{"self":[{"href":"https:\/\/www.havohravo.com\/de\/wp-json\/wp\/v2\/product\/44620","targetHints":{"allow":["GET"]}}],"collection":[{"href":"https:\/\/www.havohravo.com\/de\/wp-json\/wp\/v2\/product"}],"about":[{"href":"https:\/\/www.havohravo.com\/de\/wp-json\/wp\/v2\/types\/product"}],"wp:featuredmedia":[{"embeddable":true,"href":"https:\/\/www.havohravo.com\/de\/wp-json\/wp\/v2\/media\/44567"}],"wp:attachment":[{"href":"https:\/\/www.havohravo.com\/de\/wp-json\/wp\/v2\/media?parent=44620"}],"wp:term":[{"taxonomy":"pwb-brand","embeddable":true,"href":"https:\/\/www.havohravo.com\/de\/wp-json\/wp\/v2\/pwb-brand?post=44620"},{"taxonomy":"product_cat","embeddable":true,"href":"https:\/\/www.havohravo.com\/de\/wp-json\/wp\/v2\/product_cat?post=44620"},{"taxonomy":"product_tag","embeddable":true,"href":"https:\/\/www.havohravo.com\/de\/wp-json\/wp\/v2\/product_tag?post=44620"}],"curies":[{"name":"wp","href":"https:\/\/api.w.org\/{rel}","templated":true}]}}

<div class="wpb-content-wrapper"><p>[vc_row][vc_column][vc_empty_space][/vc_column][/vc_row][vc_row][vc_column width=&#8220;2/3&#8243; offset=&#8220;vc_col-sm-offset-2 vc_col-xs-12&#8243;][vc_column_text]</p>
<h3>Bjez Haarband 25 mm</h3>
<div class="wpb_text_column wpb_content_element ">
<div class="wpb_wrapper">
<p>Dieses Haarband hat eine Universalgröße für Erwachsene und Kinder ab Alter von 4 Jahren.</p>
<p>Das Haarband is ursprünglich fürs Haare entworfen. Platzieren sie es knapp oberhalb des Haaransatzes und den elastischen Teil unter die Haare hinten am Kopf.</p>
<p>Haarband sollte nicht zu fest anliegen. Vielleicht haben sie Angst, dass es verruscht und tuen es deswegen fester zu. Das ist aber nicht richtig. Haarband sollte am Kopf locker anliegen, so, daß sie es kaum merken. Verwendetes Material gewährleistet, daß es gut hält, auch wenn es nicht ganz fest zugebunden ist. Oft reicht es, das Haarband nur hinten unter den Haaren zu richten, sonst sollte es beim Tragen kaum bemerkbar sein.</p>
<p>Falls das Haarband nicht bequem anliegt, es passt nicht am Kopf oder der hintere Teil (Elastikband) verrutscht – sie tragen es wahrscheinlich nicht richtig (= es ist zu fest, etc.)</p>
</div>
</div>
<p>[/vc_column_text][vc_empty_space height=&#8220;32&#8243;][/vc_column][/vc_row]</p>
</div>
